. Give v(f).
1
Suppose 4*k - 12 = -5*s + k, -4*s = -4*k - 16. Let f(m) be the second derivative of -m**4/12 - m**3/6 + m**2/2 + 2697*m. Calculate f(s).
-11
Let t be (-1)/(483/70 + -7). Let o(g) = g**3 - 9*g**2 - 9*g - 10. What is o(t)?
0
Suppose -4*y + y = 0. Let v be -3 + y + 0/2. Let b(r) = 4*r**2 + r**3 + 2*r - r + 0*r**2 + 0*r**2 - 3. Calculate b(v).
3
Suppose 12 = -3*k, 4*t + 13 = -4*k + 5. Let i(v) = t + 2*v - 4 + 2. Suppose 5*m = 3*j + 10, -j - 17 = 3*j - 3*m. Determine i(j).
-10
Let j(g) = -4*g**3 + 36*g**2 + 3*g - 3. Let d(z) = z**3 - 7*z**2 - z + 1. Let q(a) = -3*d(a) - j(a). Calculate q(15).
0
Let u(f) = -7*f + f + 5*f + 5. What is u(3)?
2
Let b(n) = -n**2 - 4*n + 20. Let i be 36/20*40/(-12). Calculate b(i).
8
Suppose 0*w - 28 = -4*w. Suppose -3*q - b = 7, w*b + 4 = 3*b. Let c(h) = -h**3 - 5*h**2 + 1. Calculate c(q).
-11
Suppose 0 = -5*t + 15, 2*t - t = 2*j - 1. Let r(k) = 39*k**3 - k**j - 19*k**3 - 21*k**3 - 24. Give r(0).
-24
Let b(l) = l**2 + 9*l + 16. Suppose -5*i + 3*j - 46 = -4, 10 = -5*i - 5*j. What is b(i)?
-2
Suppose 3*j = x - 16, -4*x + j - 28 = -5*x. Suppose -39*u = -34*u + x. Let m(w) = -3*w - 2 + 0*w + 4*w. What is m(u)?
-7
Let h = -3 - 2. Let d(y) be the third derivative of 0 - 1/24*y**4 + 0*y - 1/6*y**3 - 4*y**2. What is d(h)?
4
Let r(d) be the second derivative of d**4/6 + d**3/6 - d**2/2 + 1386*d. Let h = -2 + 3. What is r(h)?
2
Let x(t) = -6*t**3 + 36*t**2 - 49*t - 3. Let o be x(4). Let b(i) = i**2 + 7*i + 5. Calculate b(o).
5
Let k(i) = 11*i**3 + 6*i**3 - 7*i - 28*i**3 + 3*i**3 + 8*i**2 + 5 + 9*i**3. Determine k(-9).
-13
Let l(p) be the third derivative of p**6/720 + p**5/8 + 11*p**4/24 + 25*p**2. Let a(h) be the second derivative of l(h). Suppose m = 4*m. Determine a(m).
15
Let d(i) = -i**3 - i**2 + i. Let s = -8 + 12. Suppose s*k + 0 = -8. Give d(k).
2
Let a be (-234)/(-72) + -3 + 19/4. Let h(f) be the third derivative of 0*f + 1/4*f**4 - 1/10*f**a + 1/120*f**6 + 3*f**2 + 1/3*f**3 + 0. Determine h(5).
7
Suppose -109*j + 110*j - 2 = 0. Let c = -3 + 5. Let n(q) = 35*q**3 + 0*q**j + 2 - 14*q**3 + 6*q**c - 20*q**3 + 5*q. Calculate n(-5).
2
Let g be (-1148)/(-56) + 2/(-4). Let a be (25/(-10))/((-4)/(64/g)). Let i(v) = 7*v**2 + v - 2. What is i(a)?
28
Let r be (-3 + 4 - 1)/(2 + 0). Let d(s) = s**2 - s + 2. Calculate d(r).
2
Let v(p) be the first derivative of 1/4*p**4 - 11/2*p**2 + 3*p**3 - 10*p - 25. Determine v(-10).
0
Let w(x) be the first derivative of x**3/3 + 4*x**2 - 2*x - 154. Calculate w(-5).
-17
Let n(t) = -t + 6. Let o be (78/(-26))/(30/(-9) + 3). Calculate n(o).
-3
Let j(h) = 2*h**2 - 3*h - 7. Let a be j(3). Let v be (-4)/a*(8 + -6). Let b(u) = u**3 + 3*u**2 - 2*u - 2. Determine b(v).
-10
Let k = 1 + -3. Let y be (-6)/(-2)*k/1. Let q(w) be the third derivative of -w**5/60 - w**4/6 + 5*w**3/6 - 4*w**2. Give q(y).
-7
Let a be (0 + -2)/(0 - (-12)/(-18)). Suppose a = -v - g - 1, -2*g = -4*v - 10. Let x(u) = -u. Determine x(v).
3
Let g be 2/(-6) - 70/(-21). Suppose g*h - 5 = 8*h. Let p(d) = 114*d + 33. Let s(a) = -7*a - 2. Let t(y) = -4*p(y) - 66*s(y). What is t(h)?
-6
Suppose 4*b - 15 = 17. Suppose -4*i + b = 5*q, q + i - 1 + 0 = 0. Let j(h) = h**2 - 7*h + 2. Let g(x) = -1. Let r(d) = 3*g(d) - j(d). Give r(q).
7
Let c(z) = z**3 - 8*z**2 + 7*z + 4. Suppose -18 = -4*q + 10. Let l be c(q). Let b(t) = -2*t - 11 + t**3 + 14 - 2*t**3 - l*t**2 + 3*t**2. Give b(2).
-13
Let p(x) = 2*x**2 + 7*x - 20. Let r(g) = g**2 + 3*g - 9. Let u(i) = 6*p(i) - 13*r(i). Calculate u(2).
-1
Suppose -3*l + 6 = 3*i, -5*i + 3*i + 3*l + 24 = 0. Suppose 0 = -i*x - x + 49. Let z(r) = r - 4. Determine z(x).
3
Let j be ((-740)/(-222))/((-1)/6). Let o(b) = b + 11. Calculate o(j).
-9
Let s be (40/(-6))/(-5) - 104/78. Let i(h) be the third derivative of -1/12*h**4 + 1/20*h**5 + 0 + s*h + h**2 - 1/3*h**3. Determine i(2).
6
Let s(k) be the third derivative of -k**6/120 + 7*k**5/60 - k**4/24 + 4*k**3/3 + 2*k**2 - 17. Give s(7).
1
Let k(d) = -6*d**2 + d - 1. Let t be k(-1). Let j(o) = o**3 + 9*o**2 + 9*o + 9. Calculate j(t).
1
Let x(y) = -y**3 - 16*y**2 + 5. Let c(s) = 22*s + 556. Let n be c(-26). Give x(n).
5
Let k = -292 - -294. Let v(l) = 5*l**3 - l**2 + 1. Give v(k).
37
Let c(f) = f**2 - 6*f - 1. Let n be -104*3/(-3)*(-2)/(-4). Let w be 6/27 - n/(-9). Give c(w).
-1
Let y(o) be the second derivative of -o**3/3 - o**2 - o + 26. Calculate y(2).
-6
Let o(l) = -l**3 + 10*l**2 - l + 14. Let f be o(10). Suppose -u + 8 - 22 = -f*k, -25 = 5*u - 5*k. Let d(n) = n**3 - n**2 + 2*n. Give d(u).
-16
Suppose 0*j + 5*j + 4*f - 40 = 0, -5*f = j - 29. Let y(k) be the first derivative of 1 + 5/2*k**j + 1/2*k**2 - 1/3*k**3 - k. Determine y(1).
9
Let d(u) = 0*u**2 + 5*u**2 - u - 3*u**2 + u**3. Suppose 0 = t - 0*t + 3*n + 45, 0 = -5*t + 2*n - 174. Let z = 33 + t. Calculate d(z).
-6
Let y(c) = -c**2 + 7*c - 7. Let m be (3 - (-2 - -1)) + -33. Let v = -23 - m. Determine y(v).
-1
Let q(v) = -v**2 + 6*v + 3. Let m(o) = 3*o**3 + 28*o**2 + 11*o + 21. Let c be m(-9). Give q(c).
12
Let q = -9 + 19. Let i = q + -6. Let h(b) = -7*b**2 - 10*b - 4. Let o(v) = -3*v**2 - 5*v - 2. Let r(f) = -4*h(f) + 9*o(f). Give r(i).
-6
Let s(z) = 3*z**3 + 18*z**2 - 24*z - 49. Let r(g) = -g**3 - 6*g**2 + 8*g + 16. Let m(w) = 7*r(w) + 2*s(w). What is m(-7)?
7
Let l(m) = -m**3 - 5*m**2 + 4*m - 2. Let g(r) = 11*r + 104. Let s be g(-10). What is l(s)?
10
Let d(f) = -f**3 + f**2 + f. Suppose -a + 3*a = 2, 4*t - 147 = 5*a. Let u = -38 + t. Determine d(u).
0
Let u(d) = -d**3 + 21793*d - 7*d**2 - 21800*d - 2 + 0. Let a = 8 + -14. Give u(a).
4
Suppose 2*j + 4*a = -12, 8*j = 3*j + 2*a + 6. Suppose -7*h + 4 - 18 = j. Let r(g) be the second derivative of -g**3/2 + g**2 + g. Determine r(h).
8
Let s(m) be the first derivative of -3*m**2 - 6*m - 1/3*m**3 + 11. Give s(-6).
-6
Suppose 7 - 47 = 8*s. Let d(m) = -3*m + 7 - 5*m**2 - 4 + 0*m**3 - m**3 - m**2. What is d(s)?
-7
Let z(c) = 3*c - 9. Let p(w) = 4*w - 1. Let r be p(1). Suppose -d + r*j = -2 + 10, 0 = -3*d - 3*j - 84. Let b = d - -29. Give z(b).
9
Let h(g) be the third derivative of -1/30*g**5 + 21*g**2 + 1/120*g**6 + 0*g + 0*g**4 + 1/3*g**3 + 0. Calculate h(3).
11
Let r(l) = l + 15. Suppose 4*q - w = -323, 3*w + w = 2*q + 158. Let u = 70 + q. What is r(u)?
4
Let b(j) = 4*j. Let a(m) = -14*m - 8. Let k(f) = a(f) + 4*b(f). Determine k(4).
0
Let l = -647 - -653. Let o(q) = -q**2 + 4*q - 4. Determine o(l).
-16
Let m(f) be the first derivative of 3*f**2 - 3*f + 133. Give m(-5).
-33
Let d(n) = -9*n + 12. Let k(x) = 5*x - 5. Let t(m) = 4*d(m) + 7*k(m). What is t(17)?
-4
Let h(z) = -5*z + 2. Let i be (-4 - 66/(-18))*-3 - -3. Calculate h(i).
-18
Let o(w) = 3*w**2 + 9*w + 10. Let h(t) = 4*t**2 + 12*t + 15. Let d(a) = 5*h(a) - 7*o(a). Suppose 2*k - 7*x = -3*x - 32, 4*x - 14 = -k. Determine d(k).
-13
Let b(z) be the third derivative of -z**4/8 - z**3/2 - 44*z**2. Determine b(-7).
18
Suppose -7*k - 11 = 31. Let r(f) be the first derivative of -f**2/2 - 5*f + 1. Determine r(k).
1
Let j(p) = p - 175*p**3 - 3*p + 176*p**3 - 7 + 7*p**2. What is j(-7)?
7
Let r be (-141)/(-188)*4*(-1)/(-1). Let x(f) be the first derivative of -3*f + 3 + 1/3*f**r - 3/2*f**2. What is x(4)?
1
Let w(i) = 11*i - 128. Let z be w(11). Let o(q) = q**3 + 7*q**2 + 2*q + 1. Give o(z).
-13
Let z(w) = w**3 - 3*w**2 - w. Let d be z(4). Let s be ((-12)/(-7))/(d/42). Let t(u) = u**2 - 8*u + 7. What is t(s)?
-5
Let d(v) = 7*v - 8. Let f(m) = -8*m + 9. Let y(x) = -6*d(x) - 5*f(x). Suppose -27*q + 3 = -28*q. Determine y(q).
9
Let k(j) be the second derivative of j**4/6 - j**3/3 + j**2/2 - 879*j. Let s = 2 - -1. Let t = 1 - s. What is k(t)?
13
Let g(p) be the third derivative of p**5/60 + 5*p**4/24 - 5*p**3/6 - 54*p**2 + 1. Calculate g(-5).
-5
Suppose -2*w - 12 = 2*b, 0 = -2*b + 6*b - 2*w - 6. Let k(d) = 2*d + 2. Let r be k(-3). Let j be (b/1)/(r - -5). Let g(l) = -9*l**2 - l. Determine g(j).
-8
Suppose -t - 3*c = -6, -2*c - 25 = 3*c. Let w = t - 21. Let r(d) = -3*d - 4 + 3 - 3 + w + d**2. What is r(3)?
-4
Let l(n) = n - 8. Let v be l(6). Let b be (2/(-4)*0)/v. Let o(p) = 6*p - 6 - 6*p + 2*p - 3*p. Determine o(b).
-6
Let o(k) = -k - 2. Let w(r) = -r**3 - 7*r**2 + r + 19. Let u(j) = -6*o(j) - w(j). What is u(-6)?
-1
Let o(g) = g**2 - g + 1. Let x = -52 + 54. Let d be x + 4/(0 - 4). Give o(d).
1
Let s(y) be the 